m + 184. Calculate j(-39).
-11
Let i(b) = 1065*b - 5312. Determine i(5).
13
Let l(j) = -10*j - 247. Determine l(-22).
-27
Let n(u) = -u - 39. Give n(-10).
-29
Let c(k) = -k**3 - 8*k**2 - 81*k - 589. What is c(-8)?
59
Let f(b) = 169*b + 303. Determine f(-2).
-35
Let h(i) = -8*i**2 - 10*i - 20. Determine h(-7).
-342
Let p(o) = -o**2 - 898*o + 14630. Calculate p(16).
6
Let a(k) = 4*k**3 - 21*k**2 + k - 5. Determine a(4).
-81
Let v(m) = 595*m - 30348. Calculate v(51).
-3
Let n(k) = -55*k**2 + 3740*k - 7. What is n(68)?
-7
Let n(i) = 2*i**3 - 27*i**2 - 20*i + 50. Determine n(14).
-34
Let j(s) = -3*s**2 - 12*s + 92. Determine j(4).
-4
Let x(m) = 14*m**3 + 7*m**2 - 2*m + 3. Give x(1).
22
Let k(l) = -74*l - 3936. Determine k(-53).
-14
Let i(f) = -f**2 - 16*f + 841. Determine i(-38).
5
Let j(x) = -x**3 - 71*x**2 + 158*x + 875. Calculate j(-73).
-1
Let c(y) = -123*y + 1206. What is c(10)?
-24
Let k(i) = 10370*i - 134808. What is k(13)?
2
Let u(t) = t**3 + 12*t**2 + 8*t + 826. Give u(-15).
31
Let l(v) = -18*v - 93. Give l(-4).
-21
Let j(a) = -3*a**3 + 20*a**2 - 15*a - 2. Give j(6).
-20
Let l(u) = -u**2 - 900*u - 22731. What is l(-26)?
-7
Let n(g) = -g**3 + 34*g**2 - 50*g + 110. Calculate n(32).
558
Let q(i) = -44*i - 2455. Determine q(-56).
9
Let x(u) = 18*u**3 - 5*u**2 + u + 4. Calculate x(1).
18
Let a(c) = -9*c**3 - 4*c**2 + 3*c - 3. Determine a(0).
-3
Let p(d) = d**3 - 47*d**2 - 41*d - 71. What is p(48)?
265
Let o(w) = w**3 + 7*w**2 - 292*w - 1495. Determine o(-5).
15
Let l(f) = -132*f - 7488. Give l(-57).
36
Let m(b) = b**3 - 5*b**2 - 4*b - 18. Calculate m(6).
-6
Let k(b) = -461*b - 29. Give k(-1).
432
Let u(o) = 25*o + 119. Calculate u(-13).
-206
Let m(a) = -a**3 + 17*a**2 - 36*a + 95. Give m(15).
5
Let n(y) = -1668*y - 30014. Calculate n(-18).
10
Let i(a) = -11*a + 180. Calculate i(29).
-139
Let v(h) = -42*h - 3513. Determine v(-85).
57
Let y(g) = -g**3 + 17*g**2 + 55*g - 36. Calculate y(20).
-136
Let y(a) = a**2 + 7*a - 744. Calculate y(24).
0
Let k(w) = -33*w + 500. Determine k(14).
38
Let z(i) = -i**3 - 22*i**2 + 14*i - 214. Determine z(-23).
-7
Let l(f) = -3*f**3 - 11*f**2 + f + 8. What is l(-3)?
-13
Let f(g) = -34*g - 322. Calculate f(-10).
18
Let p(w) = 27*w - 353. Give p(13).
-2
Let y(h) = -3*h**3 - 66*h**2 - 239*h + 15. Calculate y(-4).
107
Let f(w) = 126*w - 563. Determine f(10).
697
Let o(t) = -43*t + 264. Give o(5).
49
Let z(m) = -m**3 - 20*m**2 - 29*m - 184. What is z(-19)?
6
Let i(o) = -o**3 + 18*o**2 + o + 14. Calculate i(17).
320
Let m(t) = -t**2 + 166*t - 3285. Calculate m(143).
4
Let i(k) = 574*k - 14938. Determine i(26).
-14
Let y(r) = r**3 - 124*r**2 + 1996*r - 11. Give y(19).
8
Let u(p) = 3*p**3 + 572*p**2 - 186*p + 952. What is u(-191)?
-3
Let m(q) = q**2 - 50*q + 236. Determine m(7).
-65
Let v(n) = -11*n**3 - 27*n**2 + 5*n + 12. What is v(-2)?
-18
Let k(c) = 8*c**2 + 81*c - 238. What is k(3)?
77
Let a(z) = -16*z - 607. Give a(-41).
49
Let o(k) = -k**3 + 4*k**2 + 7*k - 13. Determine o(6).
-43
Let h(t) = t**2 + 307*t - 1249. Determine h(4).
-5
Let r(u) = -u + 33. Determine r(4).
29
Let i(z) = 4*z**3 - 31*z**2 - 10*z - 14. Determine i(8).
-30
Let k(m) = -2*m**2 - 43*m + 346. What is k(-26)?
112
Let k(w) = 50*w + 309. Determine k(-6).
9
Let n(y) = -y**2 - 126*y - 1056. Calculate n(-9).
-3
Let z(a) = 490*a - 12242. Calculate z(25).
8
Let t(x) = -15*x**2 - 41*x - 11. What is t(-2)?
11
Let v(d) = -d**3 + 24*d**2 - 31*d + 284. Give v(23).
100
Let r(v) = -6*v**2 + 117*v + 138. Determine r(17).
393
Let d(a) = 3*a**3 - a**2 + 7*a - 258. Give d(0).
-258
Let h(p) = p**3 + 26*p**2 - 9*p - 170. Give h(-26).
64
Let j(u) = 364*u - 1486. Give j(4).
-30
Let s(i) = i**3 + 11*i**2 - 69*i - 126. Give s(-14).
252
Let r(s) = -50*s + 1747. Give r(21).
697
Let m(a) = 3*a - 275. Calculate m(93).
4
Let i(d) = -68*d**2 - 13*d - 14. Determine i(-1).
-69
Let q(f) = 5*f**2 - 175*f + 671. Calculate q(31).
51
Let j(z) = -102*z**2 - 103*z. Calculate j(-1).
1
Let v(u) = -6*u**2 - 40*u - 3. Give v(-7).
-17
Let b(w) = w**2 + 54*w - 206. Calculate b(-59).
89
Let q(o) = -o**3 - 34*o**2 - 31*o + 57. What is q(-33)?
-9
Let t(d) = -60*d**3 + 361*d**2 - 4*d - 4. Determine t(6).
8
Let c(r) = 2*r**2 + 549*r + 25424. Determine c(-59).
-5
Let x(c) = c**2 - 86*c + 1391. Give x(61).
-134
Let m(p) = -114*p + 38. Calculate m(1).
-76
Let n(r) = 34*r**2 + 981*r - 143. Give n(-29).
2
Let t(v) = -3*v**3 - 14*v**2 - 11*v + 35. Determine t(-2).
25
Let h(g) = g**2 + 39*g - 4315. What is h(49)?
-3
Let q(o) = -33*o - 183. Determine q(-6).
15
Let w(y) = -y**3 - 39*y**2 - 37*y - 1437. Calculate w(-39).
6
Let i(u) = 658*u + 13174. What is i(-20)?
14
Let z(x) = 43*x - 148. Give z(2).
-62
Let r(o) = -o**2 + 11*o - 97. What is r(6)?
-67
Let j(t) = -8*t**2 + 161*t - 24. What is j(20)?
-4
Let v(y) = y**2 + 8*y - 48. Determine v(-13).
17
Let o(w) = -2*w**2 - 384*w - 10726. Determine o(-34).
18
Let l(n) = n**2 - 47*n + 204. Determine l(35).
-216
Let i(p) = 6*p**2 + 47*p + 13. What is i(-8)?
21
Let c(t) = t**3 - 5*t**2 - 8*t - 34. Calculate c(7).
8
Let q(p) = -30*p**2 + 39*p + 10. Calculate q(4).
-314
Let y(p) = -1984*p + 25787. Determine y(13).
-5
Let x(t) = 2*t**2 + 1140*t + 24103. Determine x(-22).
-9
Let d(g) = -2*g**2 - 32*g - 47. Determine d(-14).
9
Let m(x) = x**2 - 36*x + 275. Calculate m(20).
-45
Let m(v) = -v**2 - 29*v - 98. Determine m(-22).
56
Let i(s) = -s**2 - 106*s - 164. Calculate i(-105).
-59
Let q(t) = -20*t - 609. Calculate q(-24).
-129
Let v(j) = 60*j + 372. What is v(-4)?
132
Let d(v) = -7*v**2 - 124*v + 365. Calculate d(3).
-70
Let f(p) = -10*p**2 - 23*p - 31. Give f(-6).
-253
Let z(q) = -270*q**2 + 557*q - 38. Calculate z(2).
-4
Let r(m) = 12*m - 431. Give r(33).
-35
Let o(t) = 6*t**2 + 151*t - 509. Determine o(3).
-2
Let t(z) = z**2 - 13*z + 33. Calculate t(16).
81
Let y(v) = 16*v + 268. Calculate y(-30).
-212
Let y(b) = -3*b**3 + 20*b**2 - 21*b + 3. Give y(6).
-51
Let i(n) = 115*n - 353. What is i(7)?
452
Let s(a) = 104*a + 16218. What is s(-156)?
-6
Let f(k) = -298*k + 5963. What is f(20)?
3
Let s(i) = 38*i**3 - i**2 - 9*i + 25. What is s(-3)?
-983
Let y(a) = 4*a**3 + 35*a**2 + 73*a + 3. Calculate y(-5).
13
Let q(u) = -u**2 - 21*u + 269. Calculate q(13).
-173
Let m(o) = -o**3 + 4*o**2 - 22*o + 46. Calculate m(2).
10
Let b(u) = 22*u + 455. What is b(-25)?
-95
Let u(j) = 256*j + 3585. Give u(-14).
1
Let r(h) = -10*h**2 + 273*h - 15. Calculate r(27).
66
Let f(c) = -185*c - 963. Determine f(-5).
-38
Let t(s) = -s**3 + 8*s**2 + 97*s + 61. What is t(14)?
243
Let v(h) = 84*h - 932. What is v(11)?
-8
Let j(w) = -w**2 + 365*w + 19352. Calculate j(412).
-12
Let t(s) = -s**3 - 25*s**2 - 51*s + 10. What is t(-24)?
658
Let w(o) = 79*o - 2014. Determine w(25).
-39
Let h(s) = 28*s + 234. Give h(-14).
-158
Let a(v) = 2*v**2 - 55*v + 382. Determine a(12).
10
Let p(n) = -n**3 + 17*n**2 + 5*n - 33. What is p(17)?
52
Let q(g) = 30*g + 187. Determine q(-6).
7
Let a(w) = -w**2 + 26*w + 22. Determine a(0).
22
Let x(b) = b**3 - 3*b**2 - 106*b + 210. Determine x(2).
-6
Let b(c) = -3*c**3 + 44*c**2 + 18*c - 32. Give b(15).
13
Let h(w) = -48*w - 268. Give h(-15).
452
Let u(s) = -184*s**2 + 5*s - 4. Calculate u(1).
-183
Let a(m) = -258*m + 4645. Calculate a(18).
1
Let n(q) = 241*q**2 - 1204*q. What is n(5)?
5
Let h(k) = -4000*k - 23995. Give h(-6).
5
Let j(x) = 77*x + 3229. Give j(-42).
-5
Let l(x) = 5042*x - 15141. What is l(3)?
-15
Let i(h) = -191*h + 991. What is i(5)?
36
Let z(m) = 2*m**3 + 8*m**2 - m - 8. Give z(-6).
-146
Let l(f) = -2*f**3 - 15*f**2 - 19*f + 30. What is l(-10)?
720
Let k(t) = 46*t - 1578. What is k(34)?
-14
Let p(n) = n**3 - 17*n**2 + 5*n - 42. Give p(17).
43
Let g(k) = 3*k**2 + 61*k - 15. Calculate g(-21).
27
Let n(u) = -4634*u - 23235. Calculate n(-5).
-65
Let q(z) = -z**2 + 56*z + 768. Give q(-12).
-48
Let a(h) = -30*h**2 - 776*h - 1348. What is a(-24)?
-4
Let v(x) = -2803*x + 2826. Give v(1).
23
Let h(l) = l**3 - 2*l**2 + 157*l + 1546. Determine h(-7).
6
Let o(j) = j**3 - 4*j**2 - 49*j - 15. What is o(-5)?
5
Let y(o) = 330*o - 16170. What is y(49)?
0
Let f(q) = 154*q + 6745. Determine f(-44).
-31
Let h(b) = -10*b**2 + 102*b - 502. What is h(5)?
-242
Let k(z) = 9*z**2 + 11*z - 5. What is k(-3)?
43
Let g(n) = 3*n**2 - 51*n - 15. Calculate g(19).
99
Let d(h) = h**3 + 7*h